 z. List the prime factors of t.
2, 3, 17
List the prime factors of (0 + 430/(-4))*(-19)/((-2090)/(-16016)).
2, 7, 13, 43
Suppose 2*m = o - 0 - 3, -4*m + 19 = 3*o. Suppose 0 = -o*i - 15, d + 59 = 3*d - i. What are the prime factors of (-8)/d - 506/(-7)?
2, 3
Let b be ((-5)/(-3))/(-12*4/(-144)). Suppose 26*s + z = 30*s - 1960, z + 2450 = b*s. What are the prime factors of s?
2, 5, 7
Let k = -101 + 102. What are the prime factors of 103*(-1 + 3 - k) + 1?
2, 13
Let m(q) be the first derivative of 79*q**2/2 - 23*q + 59. What are the prime factors of m(5)?
2, 3, 31
Let a(h) be the first derivative of h**4/2 + 23*h**3/3 - 9*h**2/2 + 9*h + 8. Let x be a(-10). Let s = x + -222. What are the prime factors of s?
3, 59
Let h = -141 - -140. What are the prime factors of 0 + h + 350 + -12?
337
Suppose 2*y - 1278 = -2*f, -37*f + 42*f = 4*y - 2592. List the prime factors of y.
643
Let h(l) = l**2 - 3*l + 3. Let o(c) = -2*c**2 + 14*c + 13. Let f be o(7). Let a be (f + 3)/(-4) - -13. What are the prime factors of h(a)?
3, 19
Let s = 90 - 206. List the prime factors of (1*s/6)/((-14)/252).
2, 3, 29
Let p = 125043 - 217089. List the prime factors of p/(-161) + (-4)/(-14).
2, 11, 13
Suppose 64 = 26*k + 6*k. Suppose -3*a + 1020 = k*u, -4*a + 6*u - u = -1383. What are the prime factors of a?
2, 3, 19
Let a be 2/(125/45 - 3). What are the prime factors of 4947/12 - a/12?
7, 59
Let n(a) = -2*a**2 - 3*a - 57. Let m(t) = 3*t**2 + 5*t + 86. Let f(u) = -5*m(u) - 8*n(u). Let q be f(0). Let d = q + 93. What are the prime factors of d?
7, 17
List the prime factors of (-66066)/(-34) + (-6)/51.
29, 67
Let d be ((-2)/(-3) + -1)/(19/114). Let x be d/(-6) + 1 - (-6146)/21. Suppose 5*f - 336 = x. What are the prime factors of f?
2, 3, 7
Let u(w) = -847*w - 98. What are the prime factors of u(-7)?
7, 17
Suppose -23*k + 601 = -22*k. Let m = 887 - k. Suppose 6 = 3*y, -m + 12 = -2*o + y. What are the prime factors of o?
2, 3, 23
Suppose -3*x - c = 791, 2*c + 395 - 133 = -x. List the prime factors of ((-13)/(-4))/(3*(-1)/x).
2, 11, 13
Let m(p) = -1351*p - 7937. What are the prime factors of m(-6)?
13
Let z(i) be the first derivative of i**5/20 + 11*i**4/24 + 5*i**3/6 - 16*i**2 - 3. Let k(s) be the second derivative of z(s). List the prime factors of k(-7).
3, 5
Suppose 0 = -9*h + 10*h + q - 6, h - 2*q = -9. What are the prime factors of (-6 + 769/(-3))*(-4 + h)?
787
Let u(f) = 55*f + 56. Let p be u(8). Suppose -1225 = -9*r - p. Suppose -99 = -a + r. List the prime factors of a.
2, 3, 5
Let i be 18 + ((-4)/(-14))/(31/434). Suppose 4*h + i*t - 4465 = 17*t, 3*h - t = 3325. List the prime factors of h.
2, 3, 5, 37
Suppose -4*l = -4*h - 836, l - 313 + 112 = 3*h. Suppose z - 2*f - l = 0, -5*z - 739 = -4*f - 1816. What are the prime factors of z?
7, 31
Let o be -3 + 4 - (0/2 + -4). Let j(m) = -2*m**2 - 14*m. Let h(n) = -3*n**2 - 13*n + 1. Let f(q) = -6*h(q) + 5*j(q). What are the prime factors of f(o)?
2, 3, 13
Suppose -16*o + f - 17543 = -18*o, 2*f - 26316 = -3*o. List the prime factors of o.
2, 5, 877
Let f(m) = -m**3 + 3*m**2 + 2*m - 3. Let y be f(3). Suppose 1779 = 2*j + 3*z, 2*j + y*z = 7*j - 4458. List the prime factors of j.
3, 11
Suppose 183*o + 14006 = 184*o + n, 2*o + 5*n = 28012. List the prime factors of o.
2, 47, 149
Suppose 658 = 4*b + 3*b. Suppose -4*i + 783 = j, i - b - 104 = 2*j. Suppose 5*a - n = 263 - 25, -4*a - 2*n + i = 0. What are the prime factors of a?
2, 3
Let h(i) = 2*i**2 - 14*i + 9. Let d be 39*(-5 + 16/3). List the prime factors of h(d).
3, 5, 11
Suppose 6*f = -c + 7*f - 513, 5*c - 4*f + 2560 = 0. Let s = -200 - c. List the prime factors of s.
2, 7, 11
Suppose 0*s + 5*s + m - 57 = 0, -2*s - 4*m + 12 = 0. Suppose -3*h + s*h - 2448 = 0. What are the prime factors of h?
2, 17
List the prime factors of 67216/64*(3 + 13).
2, 4201
Let y(b) = 43*b**2 + 8*b + 30. Suppose -5*k = 2*j + 23 + 8, -5*j + 4*k + 5 = 0. List the prime factors of y(j).
3, 131
Suppose -8*s = -12*s. Suppose 21*l - 7*l - 2618 = s. Let p = 51 + l. List the prime factors of p.
2, 7, 17
Let g be 207/3 + (2 - -2). Suppose -285 = 68*h - g*h. Let u = h - 14. What are the prime factors of u?
43
Let l = 259 + -61. Let f = l + -55. What are the prime factors of f?
11, 13
Let q be 8/10 + (-819)/105. List the prime factors of q/(-1) + 15 + 482.
2, 3, 7
Suppose 4*y - 1585 - 1111 = 0. Suppose -37*f + 35*f = -y. List the prime factors of f.
337
Suppose 2*b - 4*s = -4, -b - s + 0 = -10. Let d(u) = 33*u - 12. What are the prime factors of d(b)?
2, 3, 31
Let a = -37903 + 47187. List the prime factors of a.
2, 11, 211
Suppose -47 + 17 = 5*z + 3*y, -y - 4 = z. Let x(p) = -p**2 - 10*p - 12. Let o be x(z). What are the prime factors of (o*2/(-12))/(2/720)?
2, 3, 5
Let s = -6 + 6. Suppose s = -0*g - 3*g + 5*z + 13, -1 = -z. Suppose -9*u + g*u = -105. What are the prime factors of u?
5, 7
Suppose -f + 1580 + 1102 = b, 2*f - 4*b = 5322. What are the prime factors of f?
5, 107
Suppose -18*o + 62454 = -15*o - 3*u, 5*u - 83335 = -4*o. What are the prime factors of o?
5, 7, 17
Let h be 78/28 - (-465)/2170. Let w(l) be the first derivative of 20*l**2 - 10*l - 2. What are the prime factors of w(h)?
2, 5, 11
Let n = -5499 - -45190. List the prime factors of n.
19, 2089
Let m = -321 + 164. Let x = m - -224. Let f = 124 - x. List the prime factors of f.
3, 19
Suppose 5*r - 9*p - 32 = 0, 4*r - 5*p + 22 - 52 = 0. Suppose -m - h + 971 + 869 = 0, h + 1830 = m. List the prime factors of (-3)/2 + m/r.
2, 7, 13
Suppose n + 10 = s, -s + 13*n - 8*n + 26 = 0. Let o(w) = w**2 + 14 + 0*w + 0*w**2 - 5*w. What are the prime factors of o(s)?
2, 5
Let k(s) = -2*s**2 + 2*s + 6. Let c be k(6). Let n be (((-1422)/6)/3)/(-1). Let i = c + n. What are the prime factors of i?
5
Let s(x) = -1153*x + 309. List the prime factors of s(-10).
11839
Let x(t) = -t**3 - 13*t**2 - 2*t + 13. Let a be x(-4). Let q = -103 - a. Suppose q = -4*d, 8*d = 5*o + 4*d - 130. What are the prime factors of o?
2, 11
Suppose t + 442 = m, 0 = t - 6*t + 4*m - 2214. Let z = t + 1056. List the prime factors of z.
2, 5, 61
What are the prime factors of (34 - -3604)*12*(8/12)/2?
2, 17, 107
Let t be 0/(-3 - -5)*-1 + 15088. Suppose -19*b + t = 4*b. List the prime factors of b.
2, 41
Let d(j) = 6396*j**2 - 32*j + 2. What are the prime factors of d(-1)?
2, 5, 643
Let r(n) = 6*n**2 - 762*n - 166. List the prime factors of r(-56).
2, 30661
Suppose -280123 = -71*v + 149072. List the prime factors of v.
3, 5, 13, 31
Suppose -8*j + 225110 - 36032 + 174770 = 0. List the prime factors of j.
45481
Suppose 2*o = -3*o - 2115. Let l be -242 + (2/4 - 72/16). Let q = l - o. List the prime factors of q.
3, 59
Let b = -408 + 303. What are the prime factors of (-91630)/b - (-5)/(-3)?
13, 67
Let c(z) be the third derivative of -13*z**4/2 - 5*z**3/6 + 15*z**2. Let i be c(-1). Let r = -4 + i. List the prime factors of r.
3, 7
Suppose 0 = -5*x - 3*x - 56. Let l = 0 - x. Let s(o) = o**2 + 5*o - 11. List the prime factors of s(l).
73
Let s(h) = 2*h - 3. Let j(w) = -w**2 + 6*w - 1. Let q be (2/(-4))/(2/(-16)). Let l be j(q). List the prime factors of s(l).
11
List the prime factors of 10693 - ((-1)/7*-2 - 4982/(-742)).
2, 3, 13, 137
Let m = 10 - 7. Suppose -83 = -y + 3*g, -7*y + 4*y + 4*g = -269. Suppose u - y = z, u + z = -m*u + 360. List the prime factors of u.
7, 13
Suppose 191*i = 195*i - 20. Suppose 4*n = 3*q + 489 + 122, i*n - 3*q = 766. List the prime factors of n.
5, 31
Suppose -7*t - 3*p - 77907 = -10*t, t + p = 25969. List the prime factors of t.
25969
Let x = 12515 + -7440. List the prime factors of x.
5, 7, 29
Let j be -11383 - ((-1)/2 + (-273)/(-78)). What are the prime factors of j/(-8) - 3/12?
1423
Suppose 0 = 65*k - 63*k + 4. List the prime factors of (9 - 14)/(2/(k - 0)).
5
Let u = 165 + -33. Let f be (-2)/(32/u)*-6*-4. Let s = f + 314. List the prime factors of s.
2, 29
Let l(z) = 7*z + 21. Let s(p) = -3*p - 11. Let q(v) = 2*l(v) + 5*s(v). Let m be q(-7). List the prime factors of ((-9)/m - 1)*(223 - -5).
2, 3, 19
Let p = 21949 + -350. List the prime factors of p.
21599
Let r be 80/25*(-75)/(-12). List the prime factors of 34*730/r - 1.
2, 5, 31
Let m be (-1 - -122) + 21 + -17. Let g = 70 - 133. Let h = g + m. What are the prime factors of h?
2, 31
Suppose -48514 + 11973 = -3*z - 2*r, 4*z 